e prime factors of 368?
2, 23
List the prime factors of 700.
2, 5, 7
List the prime factors of 9019.
29, 311
What are the prime factors of 3381?
3, 7, 23
List the prime factors of 394.
2, 197
List the prime factors of 101870.
2, 5, 61, 167
List the prime factors of 5923.
5923
What are the prime factors of 1086?
2, 3, 181
What are the prime factors of 1182?
2, 3, 197
List the prime factors of 25154.
2, 12577
What are the prime factors of 98902?
2, 49451
What are the prime factors of 45321?
3, 15107
List the prime factors of 33012.
2, 3, 7, 131
List the prime factors of 1084.
2, 271
What are the prime factors of 3067?
3067
What are the prime factors of 1050?
2, 3, 5, 7
What are the prime factors of 2040?
2, 3, 5, 17
What are the prime factors of 20308?
2, 5077
List the prime factors of 1062.
2, 3, 59
List the prime factors of 917.
7, 131
List the prime factors of 62267.
71, 877
List the prime factors of 615.
3, 5, 41
List the prime factors of 9228.
2, 3, 769
List the prime factors of 39397.
39397
What are the prime factors of 9031?
11, 821
What are the prime factors of 5368?
2, 11, 61
What are the prime factors of 679?
7, 97
What are the prime factors of 16542?
2, 3, 919
What are the prime factors of 13860?
2, 3, 5, 7, 11
What are the prime factors of 2400?
2, 3, 5
List the prime factors of 3928.
2, 491
List the prime factors of 2456.
2, 307
List the prime factors of 19033.
7, 2719
List the prime factors of 748.
2, 11, 17
What are the prime factors of 15?
3, 5
List the prime factors of 16974.
2, 3, 23, 41
List the prime factors of 23235.
3, 5, 1549
What are the prime factors of 65782?
2, 31, 1061
List the prime factors of 48504.
2, 3, 43, 47
List the prime factors of 60661.
60661
List the prime factors of 31635.
3, 5, 19, 37
What are the prime factors of 11759?
11, 1069
What are the prime factors of 2175?
3, 5, 29
List the prime factors of 5475.
3, 5, 73
What are the prime factors of 50590?
2, 5, 5059
What are the prime factors of 192?
2, 3
List the prime factors of 74846.
2, 37423
List the prime factors of 168.
2, 3, 7
List the prime factors of 5476.
2, 37
What are the prime factors of 333?
3, 37
What are the prime factors of 46718?
2, 7, 47, 71
List the prime factors of 5929.
7, 11
What are the prime factors of 10127?
13, 19, 41
List the prime factors of 3395.
5, 7, 97
What are the prime factors of 224?
2, 7
List the prime factors of 532.
2, 7, 19
What are the prime factors of 2613?
3, 13, 67
List the prime factors of 2030.
2, 5, 7, 29
What are the prime factors of 50259?
3, 11, 1523
What are the prime factors of 59296?
2, 17, 109
What are the prime factors of 55941?
3, 29, 643
What are the prime factors of 1942?
2, 971
List the prime factors of 4116.
2, 3, 7
What are the prime factors of 59278?
2, 107, 277
What are the prime factors of 880?
2, 5, 11
List the prime factors of 7181.
43, 167
List the prime factors of 710.
2, 5, 71
List the prime factors of 5638.
2, 2819
What are the prime factors of 61696?
2, 241
List the prime factors of 926.
2, 463
What are the prime factors of 6219?
3, 691
List the prime factors of 33084.
2, 3, 919
List the prime factors of 10303.
10303
What are the prime factors of 3197?
23, 139
List the prime factors of 695.
5, 139
List the prime factors of 9493.
11, 863
List the prime factors of 2988.
2, 3, 83
What are the prime factors of 509?
509
List the prime factors of 2015.
5, 13, 31
List the prime factors of 186.
2, 3, 31
What are the prime factors of 411?
3, 137
List the prime factors of 14544.
2, 3, 101
What are the prime factors of 101218?
2, 13, 17, 229
What are the prime factors of 52616?
2, 6577
What are the prime factors of 88480?
2, 5, 7, 79
What are the prime factors of 120453?
3, 40151
What are the prime factors of 47322?
2, 3, 11, 239
List the prime factors of 5916.
2, 3, 17, 29
What are the prime factors of 5887?
7, 29
List the prime factors of 9228.
2, 3, 769
List the prime factors of 6456.
2, 3, 269
List the prime factors of 6116.
2, 11, 139
What are the prime factors of 2264?
2, 283
What are the prime factors of 390?
2, 3, 5, 13
List the prime factors of 1517.
37, 41
What are the prime factors of 75253?
75253
What are the prime factors of 2035?
5, 11, 37
List the prime factors of 20052.
2, 3, 557
What are the prime factors of 398?
2, 199
What are the prime factors of 8736?
2, 3, 7, 13
List the prime factors of 240.
2, 3, 5
List the prime factors of 59356.
2, 11, 19, 71
List the prime factors of 4334.
2, 11, 197
List the prime factors of 1782.
2, 3, 11
What are the prime factors of 2877?
3, 7, 137
List the prime factors of 20379.
3, 6793
List the prime factors of 10238.
2, 5119
List the prime factors of 665.
5, 7, 19
What are the prime factors of 2039?
2039
List the prime factors of 380.
2, 5, 19
List the prime factors of 8597.
8597
What are the prime factors of 67349?
67349
List the prime factors of 1160.
2, 5, 29
List the prime factors of 1448.
2, 181
What are the prime factors of 879?
3, 293
List the prime factors of 13666.
2, 6833
List the prime factors of 7700.
2, 5, 7, 11
List the prime factors of 1014.
2, 3, 13
What are the prime factors of 40026?
2, 3, 7, 953
What are the prime factors of 20928?
2, 3, 109
What are the prime factors of 7367?
53, 139
What are the prime factors of 416?
2, 13
What are the prime factors of 77359?
77359
What are the prime factors of 957?
3, 11, 29
What are the prime factors of 15986?
2, 7993
What are the prime factors of 3502?
2, 17, 103
What are the prime factors of 114732?
2, 3, 3187
What are the prime factors of 275?
5, 11
List the prime factors of 22928.
2, 1433
What are the prime factors of 2060?
2, 5, 103
What are the prime factors of 1667?
1667
List the prime factors of 1272.
2, 3, 53
List the prime factors of 8364.
2, 3, 17, 41
What are the prime factors of 883?
883
What are the prime factors of 13163?
13163
List the prime factors of 1985.
5, 397
What are the prime factors of 5460?
2, 3, 5, 7, 13
What are the prime factors of 1366?
2, 683
List the prime factors of 286.
2, 11, 13
What are the prime factors of 2408?
2, 7, 43
What are the prime factors of 21563?
21563
List the prime factors of 5143.
37, 139
What are the prime factors of 520?
2, 5, 13
List the prime factors of 23371.
23371
List the prime factors of 5598.
2, 3, 311
What are the prime factors of 28531?
103, 277
List the prime factors of 40628.
2, 7, 1451
What are the prime factors of 138844?
2, 103, 337
What are the prime factors of 996?
2, 3, 83
What are the prime factors of 15895?
5, 11, 17
What are the prime factors of 776?
2, 97
What are the prime factors of 26680?
2, 5, 23, 29
What are the prime factors of 938?
2, 7, 67
List the prime factors of 6793.
6793
List the prime factors of 2297.
2297
List the prime factors of 20738.
2, 10369
List the prime factors of 19515.
3, 5, 1301
List the prime factors of 4587.
3, 11, 139
What are the prime factors of 3648?
2, 3, 19
What are the prime factors of 16000?
2, 5
What are the prime factors of 97651?
97651
What are the prime factors of 7042?
2, 7, 503
What are the prime factors of 7471?
31, 241
What are the prime factors of 970?
2, 5, 97
What are the prime factors of 272?
2, 17
List the prime factors of 16602.
2, 3, 2767
List the prime factors of 24130.
2, 5, 19, 127
List the prime factors of 285.
3, 5, 19
What are the prime factors of 10396?
2, 23, 113
What are the prime factors of 20900?
2, 5, 11, 19
List the prime factors of 2879.
2879
List the prime factors of 2036.
2, 509
What are the prime factors of 37913?
31, 1223
List the prime factors of 114773.
114773
What are the prime factors of 1559?
1559
List the prime factors of 473.
11, 43
What are the prime factors of 15308?
2, 43, 89
What are the prime factors of 44751?
3, 7, 2131
List the prime factors of 11615.
5, 23, 101
List the prime factors of 10959.
3, 13, 281
What are the prime factors of 25403?
7, 19, 191
List the prime factors of 8066.
2, 37, 109
What are the prime factors of 504?
2, 3, 7
List the prime factors of 72381.
3, 23, 1049
What are the prime factors of 29096?
2, 3637
List the prime factors of 4140.
2, 3, 5, 23
What are the prime factors of 2215?
5, 443
What are the prime factors of 7287?
3, 7, 347
What are the prime factors of 5412?
2, 3, 11, 41
List the prime factors of 2794.